{"id":2729,"date":"2022-09-25T11:22:31","date_gmt":"2022-09-25T11:22:31","guid":{"rendered":"https:\/\/www.stratumdesign.ch\/?post_type=product&#038;p=2729"},"modified":"2026-02-19T13:36:21","modified_gmt":"2026-02-19T13:36:21","slug":"vague-bureau","status":"publish","type":"product","link":"https:\/\/www.stratumdesign.ch\/fr\/shop\/wave\/wave-desk\/","title":{"rendered":"Bureau"},"content":{"rendered":"<p><strong>Bureau WAVE<\/strong> \u2013 A statement workspace balancing in asymmetric equilibrium, capturing the moment a wave crests and breaks. Sculptural yet highly functional, it blends fluid design with precision craftsmanship.<\/p>\n<p>As our signature desk, it offers endless customization\u2014adjust dimensions, contours, and finishes to fit your workflow and space. Choose to add drawers, integrated power, or a leather writing surface for a seamless, elevated experience. More than just a desk, <strong>VAGUE<\/strong> c&#039;est l\u00e0 que le mouvement rencontre la ma\u00eetrise, inspirant la cr\u00e9ativit\u00e9 avec chaque d\u00e9tail.<\/p>\n<p><strong>Taille de la signature : 164 cm x 64,8 cm x 75 cm.<\/strong><\/p>\n<p>&nbsp;<\/p>","protected":false},"excerpt":{"rendered":"<p>Un espace de travail sculptural en \u00e9quilibre asym\u00e9trique, capturant le moment o\u00f9 une vague atteint sa cr\u00eate et se brise.<\/p>","protected":false},"featured_media":6176,"comment_status":"open","ping_status":"closed","template":"","meta":{"rs_blank_template":"","rs_page_bg_color":"","slide_template_v7":"","wds_primary_product_brand":0,"wds_primary_product_cat":0},"product_brand":[],"product_cat":[36,82,77],"product_tag":[26],"class_list":{"0":"post-2729","1":"product","2":"type-product","3":"status-publish","4":"has-post-thumbnail","6":"product_cat-wave","7":"product_cat-desks","8":"product_cat-tables","9":"product_tag-contemporary","10":"product_shipping_class-heavy","12":"first","13":"instock","14":"taxable","15":"shipping-taxable","16":"purchasable","17":"product-type-simple"},"_links":{"self":[{"href":"https:\/\/www.stratumdesign.ch\/fr\/wp-json\/wp\/v2\/product\/2729","targetHints":{"allow":["GET"]}}],"collection":[{"href":"https:\/\/www.stratumdesign.ch\/fr\/wp-json\/wp\/v2\/product"}],"about":[{"href":"https:\/\/www.stratumdesign.ch\/fr\/wp-json\/wp\/v2\/types\/product"}],"replies":[{"embeddable":true,"href":"https:\/\/www.stratumdesign.ch\/fr\/wp-json\/wp\/v2\/comments?post=2729"}],"version-history":[{"count":4,"href":"https:\/\/www.stratumdesign.ch\/fr\/wp-json\/wp\/v2\/product\/2729\/revisions"}],"predecessor-version":[{"id":7985,"href":"https:\/\/www.stratumdesign.ch\/fr\/wp-json\/wp\/v2\/product\/2729\/revisions\/7985"}],"wp:featuredmedia":[{"embeddable":true,"href":"https:\/\/www.stratumdesign.ch\/fr\/wp-json\/wp\/v2\/media\/6176"}],"wp:attachment":[{"href":"https:\/\/www.stratumdesign.ch\/fr\/wp-json\/wp\/v2\/media?parent=2729"}],"wp:term":[{"taxonomy":"product_brand","embeddable":true,"href":"https:\/\/www.stratumdesign.ch\/fr\/wp-json\/wp\/v2\/product_brand?post=2729"},{"taxonomy":"product_cat","embeddable":true,"href":"https:\/\/www.stratumdesign.ch\/fr\/wp-json\/wp\/v2\/product_cat?post=2729"},{"taxonomy":"product_tag","embeddable":true,"href":"https:\/\/www.stratumdesign.ch\/fr\/wp-json\/wp\/v2\/product_tag?post=2729"}],"curies":[{"name":"wp","href":"https:\/\/api.w.org\/{rel}","templated":true}]}}

<p><strong>Bureau WAVE</strong> – A statement workspace balancing in asymmetric equilibrium, capturing the moment a wave crests and breaks. Sculptural yet highly functional, it blends fluid design with precision craftsmanship.</p>
<p>As our signature desk, it offers endless customization—adjust dimensions, contours, and finishes to fit your workflow and space. Choose to add drawers, integrated power, or a leather writing surface for a seamless, elevated experience. More than just a desk, <strong>VAGUE</strong> c&#039;est là que le mouvement rencontre la maîtrise, inspirant la créativité avec chaque détail.</p>
<p><strong>Taille de la signature : 164 cm x 64,8 cm x 75 cm.</strong></p>
<p>&nbsp;</p>

<p>Un espace de travail sculptural en équilibre asymétrique, capturant le moment où une vague atteint sa crête et se brise.</p>
