{"id":6040,"date":"2025-01-17T11:56:28","date_gmt":"2025-01-17T11:56:28","guid":{"rendered":"https:\/\/www.stratumdesign.ch\/?post_type=product&#038;p=6040"},"modified":"2026-02-19T13:33:28","modified_gmt":"2026-02-19T13:33:28","slug":"konturregal","status":"publish","type":"product","link":"https:\/\/www.stratumdesign.ch\/de\/shop\/glacier\/contour-shelf\/","title":{"rendered":"Freistehendes Regal"},"content":{"rendered":"<p>Das GLACIER-Regal ist inspiriert vom dynamischen Inneren von Gletschereish\u00f6hlen, wo Schmelzen und Wiedergefrieren dramatische, organische Formen formen. Das Regal ist funktional und k\u00fcnstlerisch zugleich und bietet mit seiner 3D-Textur eine einzigartige Pr\u00e4sentationsfl\u00e4che mit einem einzigartigen Spiel aus Tiefe, Licht und Schatten. Es ist mehr als nur ein Regal: Es verwandelt jede Wand in ein Schaufenster der Bewegung und Ruhe \u2013 und verbindet skulpturale Pr\u00e4senz mit Alltagstauglichkeit.<\/p>","protected":false},"excerpt":{"rendered":"<p>Besticht durch flie\u00dfende Konturen, die von Gletschereish\u00f6hlen inspiriert sind, wo Schmelzen und Wiedergefrieren ein dynamisches Zusammenspiel aus Tiefe, Licht und Schatten erzeugen.<\/p>","protected":false},"featured_media":6286,"comment_status":"open","ping_status":"closed","template":"","meta":{"rs_blank_template":"","rs_page_bg_color":"","slide_template_v7":"","wds_primary_product_brand":0,"wds_primary_product_cat":92},"product_brand":[],"product_cat":[92,79],"product_tag":[],"class_list":{"0":"post-6040","1":"product","2":"type-product","3":"status-publish","4":"has-post-thumbnail","6":"product_cat-glacier","7":"product_cat-shelves","9":"first","10":"instock","11":"taxable","12":"shipping-taxable","13":"purchasable","14":"product-type-simple"},"_links":{"self":[{"href":"https:\/\/www.stratumdesign.ch\/de\/wp-json\/wp\/v2\/product\/6040","targetHints":{"allow":["GET"]}}],"collection":[{"href":"https:\/\/www.stratumdesign.ch\/de\/wp-json\/wp\/v2\/product"}],"about":[{"href":"https:\/\/www.stratumdesign.ch\/de\/wp-json\/wp\/v2\/types\/product"}],"replies":[{"embeddable":true,"href":"https:\/\/www.stratumdesign.ch\/de\/wp-json\/wp\/v2\/comments?post=6040"}],"version-history":[{"count":2,"href":"https:\/\/www.stratumdesign.ch\/de\/wp-json\/wp\/v2\/product\/6040\/revisions"}],"predecessor-version":[{"id":8050,"href":"https:\/\/www.stratumdesign.ch\/de\/wp-json\/wp\/v2\/product\/6040\/revisions\/8050"}],"wp:featuredmedia":[{"embeddable":true,"href":"https:\/\/www.stratumdesign.ch\/de\/wp-json\/wp\/v2\/media\/6286"}],"wp:attachment":[{"href":"https:\/\/www.stratumdesign.ch\/de\/wp-json\/wp\/v2\/media?parent=6040"}],"wp:term":[{"taxonomy":"product_brand","embeddable":true,"href":"https:\/\/www.stratumdesign.ch\/de\/wp-json\/wp\/v2\/product_brand?post=6040"},{"taxonomy":"product_cat","embeddable":true,"href":"https:\/\/www.stratumdesign.ch\/de\/wp-json\/wp\/v2\/product_cat?post=6040"},{"taxonomy":"product_tag","embeddable":true,"href":"https:\/\/www.stratumdesign.ch\/de\/wp-json\/wp\/v2\/product_tag?post=6040"}],"curies":[{"name":"wp","href":"https:\/\/api.w.org\/{rel}","templated":true}]}}

<p>Das GLACIER-Regal ist inspiriert vom dynamischen Inneren von Gletschereishöhlen, wo Schmelzen und Wiedergefrieren dramatische, organische Formen formen. Das Regal ist funktional und künstlerisch zugleich und bietet mit seiner 3D-Textur eine einzigartige Präsentationsfläche mit einem einzigartigen Spiel aus Tiefe, Licht und Schatten. Es ist mehr als nur ein Regal: Es verwandelt jede Wand in ein Schaufenster der Bewegung und Ruhe – und verbindet skulpturale Präsenz mit Alltagstauglichkeit.</p>

<p>Besticht durch fließende Konturen, die von Gletschereishöhlen inspiriert sind, wo Schmelzen und Wiedergefrieren ein dynamisches Zusammenspiel aus Tiefe, Licht und Schatten erzeugen.</p>
